base 12) to base 15.
-2d3db
What is 1466432 (base 8) in base 5?
101434041
What is 1010113320 (base 4) in base 12?
1160a0
87e (base 15) to base 13
b48
Convert 203411125 (base 6) to base 15.
49b72e
What is -1001110221120 (base 3) in base 8?
-2106662
162169 (base 10) to base 9
266407
Convert -6371675 (base 8) to base 14.
-323b77
What is -30424141 (base 5) in base 11?
-15a915
What is -213333 (base 5) in base 6?
-53555
What is 2c56bc (base 13) in base 5?
240104342
What is 10c727c (base 13) in base 11?
2a21925
33213022 (base 5) to base 16
46700
What is -270620 (base 11) in base 7?
-3421023
-10134341 (base 5) to base 2
-10100011100001001
-1118187 (base 14) to base 2
-11111000000011000101011
What is 111210100001 (base 3) in base 11?
175a27
1000100001010000101 (base 2) to base 9
464852
What is 4d085 (base 16) in base 5?
40044100
Convert -41531324 (base 6) to base 9.
-2243117
Convert 2d4ce (base 15) to base 5.
14134334
What is -221555 (base 8) in base 5?
-4341410
What is -105401 (base 8) in base 7?
-205514
Convert 12140234 (base 5) to base 15.
24164
Convert 12a943 (base 12) to base 3.
120200202220
-542371 (base 10) to base 2
-10000100011010100011
Convert -119354 (base 13) to base 7.
-3400040
What is -593821 (base 16) in base 15?
-7a76ed
Convert 451131 (base 10) to base 9.
756746
What is 33032331120 (base 4) in base 15?
53d38c
Convert 9dd7 (base 16) to base 10.
40407
-1b1396 (base 14) to base 7
-11123046
-6c003 (base 13) to base 4
-300101211
What is -157680 (base 11) in base 10?
-244387
2046b6 (base 15) to base 8
5663513
-94234 (base 10) to base 11
-64888
Convert -b5ab4 (base 13) to base 5.
-40430433
Convert a3861 (base 11) to base 13.
53c11
42202104 (base 5) to base 9
583438
-275191 (base 11) to base 3
-210220212012
What is -112211121212200 (base 3) in base 15?
-a5b6a3
Convert -51bc (base 13) to base 5.
-330214
10010011010101110 (base 2) to base 8
223256
Convert -27c47c (base 16) to base 3.
-11220102001002
73827 (base 9) to base 12
24297
Convert 86b6b (base 15) to base 2.
1101000011100110010
400899 (base 10) to base 16
61e03
Convert 212210001 (base 4) to base 7.
1225335
101223101210 (base 4) to base 10
4633700
-5e0100 (base 16) to base 6
-340013252
Convert 2261b (base 16) to base 3.
21011011211
42074 (base 8) to base 16
443c
What is -12111101211222 (base 3) in base 14?
-560706
What is c72976 (base 13) in base 11?
26a4247
What is -200020202011 (base 3) in base 13?
-c7669
-91dee7 (base 15) to base 10
-6932242
-131103220 (base 4) to base 14
-31a64
Convert -131323313 (base 5) to base 15.
-cd173
What is -11253455 (base 6) in base 13?
-c309b
Convert -202031130 (base 5) to base 7.
-6631516
What is 8306623 (base 9) in base 2?
10000111010011010010100
What is -32000310301 (base 4) in base 3?
-20220121221121
Convert -3249320 (base 10) to base 4.
-30121102220
-c028e (base 15) to base 3
-1010220010122
-100010011111000011111 (base 2) to base 9
-2112072
Convert -99510 (base 10) to base 14.
-2839c
What is -450741 (base 9) in base 16?
-41d25
What is 4662756 (base 8) in base 14?
251418
-29b1b0 (base 12) to base 9
-1282106
26164623 (base 8) to base 15
7a1793
Convert -512dd (base 16) to base 15.
-687c4
What is -b9dec (base 16) in base 4?
-2321313230
What is 212302202 (base 4) in base 9?
261845
-14b8e (base 16) to base 7
-502313
Convert -101211210120221 (base 3) to base 6.
-323305211
Convert -6254d8 (base 14) to base 12.
-11404b2
Convert -20210120221 (base 3) to base 12.
-65551
Convert -79a72 (base 11) to base 7.
-661323
-1022222022 (base 3) to base 7
-136313
-2c3e20 (base 16) to base 11
-1700479
Convert -16476 (base 14) to base 2.
-1101100111011000
Convert 4c9253 (base 14) to base 16.
283e89
-5011451 (base 8) to base 14
-263653
-3441606 (base 7) to base 9
-725376
Convert 1a492 (base 13) to base 7.
302432
What is 1808287 (base 9) in base 14?
1c4082
245050 (base 7) to base 14
12560
-d880b (base 15) to base 13
-1b0893
-113301302223 (base 4) to base 13
-13a3226
Convert -27409e (base 16) to base 11.
-14a7798
What is 562174 (base 8) in base 10?
189564
What is 23ce6 (base 16) in base 12?
70a5a
Convert -28656 (base 12) to base 7.
-322632
Convert -1189a (base 11) to base 9.
-25343
What is -13c47 (base 13) in base 11?
-25a84
Convert -1011010010010001 (base 2) to base 11.
-31803
What is 75825 (base 11) in base 2?
11010111000111001
Convert -2870921 (base 12) to base 14.
-11112d3
-88cbe (base 15) to base 10
-434879
Convert -41055336 (base 8) to base 15.
-b65129
-112107 (base 10) to base 14
-2cbd9
-242164066 (base 7) to base 4
-321210133321
Convert 101148c (base 13) to base 8.
22420767
What is -84441 (base 13) in base 5?
-30104010
What is 1220573 (base 8) in base 12?
14270b
1200445 (base 7) to base 8
447704
Convert -13908c0 (base 15) to base 5.
-12104020410
11044303 (base 5) to base 16
17a3c
Convert b06b1 (base 13) to base 9.
530485
What is -1584735 (base 13) in base 11?
-39a8485
-204848 (base 9) to base 10
-121706
Convert 80368 (base 14) to base 11.
1a0458
Convert 8a973 (base 15) to base 11.
281273
-2643014 (base 7) to base 6
-11233252
What is -11220211101 (base 3) in base 4?
-113221000
Convert 8a686 (base 12) to base 16.
2cf46
-250125 (base 10) to base 12
-1008b9
What is -10222100021211 (base 3) in base 11?
-1213466
Convert 15020161 (base 7) to base 6.
50210414
Convert -3f55d (base 16) to base 3.
-111011212012
-1a74053 (base 11) to base 3
-20120022022001
What is 10000001100111111100 (base 2) in base 3?
222222022110
34bb35 (base 13) to base 7
13442353
What is -912830 (base 13) in base 16?
-33836f
Convert 101011000000001100 (base 2) to base 7.
1332346
Convert 7b091 (base 14) to base 12.
1251b3
4304310000 (base 5) to base 12
30492b7
Convert 7968 (base 15) to base 9.
38278
What is 41314034 (base 5) in base 15?
6a514
Convert 5a2175 (base 13) to base 7.
24150462
What is -20b08 (base 14) in base 11?
-54395
Convert 210211222212 (base 3) to base 5.
102230411
Convert -112332023 (base 4) to base 9.
-153055
-d9b89 (base 14) to base 15
-a5e71
What is -65114 (base 8) in base 2?
-110101001001100
-425562 (base 8) to base 5
-14022234
52639c (base 14) to base 7
32441055
What is 10754704 (base 10) in base 2?
101001000001101010010000
What is 55822 (base 14) in base 8?
625046
Convert -789a5 (base 13) to base 3.
-102010122000
-12653a (base 13) to base 10
-442491
Convert 3ab78b (base 13) to base 2.
101011011111000111010
-634788 (base 9) to base 7
-3131462
What is 184a538 (base 13) in base 8?
36210463
Convert -4044134 (base 6) to base 8.
-570332
What is -906068 (base 12) in base 16?
-2254d0
Convert 45075111 (base 8) to base 3.
200022100220211
What is 161730 (base 10) in base 12?
79716
Convert -142135225 (base 7) to base 5.
-4341220423
-17576e (base 16) to base 6
-52441554
51cca (base 13) to base 3
21110220201
-2341053 (base 6) to base 5
-12401243
Convert 2354546 (base 8) to base 5.
131123403
2e58a4 (base 15) to base 3
11020010101101
What is 437537 (base 12) in base 11?
671227
5053433 (base 6) to base 11
154823
313406 (base 9) to base 7
1403634
53997c (base 13) to base 6
110030253
What is -652342 (base 8) in base 2?
-110101010011100010
What is 596163 (base 12) in base 7?
15152151
Convert -1431210 (base 11) to base 4.
-21120321120
Convert 2200002001 (base 3) to base 14.
15211
What is c5a43 (base 16) in base 4?
3011221003
2322231033 (base 5) to base 10
5273893
What is -2476002 (base 9) in base 15?
-1b9c3b
9564061 (base 10) to base 9
18886374
Convert -1121220211121 (base 3) to base 6.
-30310111
295a2 (base 13) to base 5
4442442
What is 2a3c5 (base 14) in base 8?
315111
What is -2226f (base 16) in base 4?
-202021233
-3623515 (base 7) to base 14
-bd845
Convert 10063045 (base 9) to base 14.
8d8319
-72743 (base 11) to base 7
-621110
What is -112200102 (base 3) in base 11?
-8050
What is 2228885 (base 10) in base 14?
4203c1
What is -9ac29 (base 14) in base 2?
-1011011101100010101
bf8 (base 16) to base 2
101111111000
-5e5387 (base 16) to base 3
-102122001210100
Convert 31870 (base 10) to base 9.
47641
What is -11212121112 (base 3) in base 2?
-10111011011001001
Convert -2a13 (base 12) to base 5.
-124121
-1137292 (base 12) to base 13
-8bb4c4
What is -2031003213 (base 4) in base 3?
-1002100112210
Convert -6310020 (base 8) to base 3.
-10011010001102
What is 246032 (base 11) in base 9?
652154
-1e2ab6 (base 16) to base 